3/z). Let q be 2/f - (4 + -2). Determine g(q).
-6
Let p(d) = 11*d + 1. Let w(r) = 7*r + 1. Let k be w(1). Suppose 4*t = -3*g - k, t = -3*t + 3*g + 16. Calculate p(t).
12
Let n = 9 - 4. Let g(z) be the third derivative of -z**2 + 1/24*z**4 + 0*z - 7/6*z**3 + 1/60*z**n + 0. Calculate g(0).
-7
Let t(m) = 20*m**3 + 32*m**2 - 35*m - 15. Let y(r) = -7*r**3 - 11*r**2 + 12*r + 5. Let b(k) = 6*t(k) + 17*y(k). Calculate b(-6).
-5
Let u(c) = 2*c + 0 + 5*c - 10*c**2 - c**3 + 3*c**2 - 4. Let w be u(-8). Let l(r) = -4*r**3 + 2*r**3 - 3 + 3*r**3 - 5*r**2 + 4*r. Give l(w).
-3
Let m be 3 + (0 + -1)*5. Let u be m + 9 + -3 + 1. Let l(y) = -2*y - 3. Give l(u).
-13
Let n be 18/15*(-5)/1. Let i(r) = -r**3 - 7*r**2 - 7*r - 9. What is i(n)?
-3
Let n(a) = a + 31*a**2 - 21*a**2 + 9 + a. Let y(t) be the first derivative of 7*t**3/3 + t**2/2 + 6*t - 1. Let u(o) = -5*n(o) + 7*y(o). What is u(-4)?
-7
Let p(z) = z + 1. Suppose -4 = -4*v + 4. Suppose -5*k - 11 = 4*f - 33, -2*f + v*k + 2 = 0. Suppose -f*r = -c + 14, r - 2*c = 2*c - 23. What is p(r)?
-2
Let w(g) = -g**2 + 4*g - 1. Suppose -4*t - 2*z = z - 28, -5*z = -4*t - 4. Determine w(t).
-1
Let k(v) be the second derivative of 0 + 1/2*v**2 - 6*v - 7/6*v**3. Suppose 4*c = 3*h - 0*h - 10, 5*h - 8 = -2*c. Determine k(c).
8
Let o(b) = -3*b**2 - 19*b - 16. Let s be o(-5). Let r(n) = -6*n + 15. Let l(g) = -4*g + 10. Let x(f) = -7*l(f) + 5*r(f). Determine x(s).
-3
Let v(z) = z + 1. Let f(o) = o - 10. Let y be (2 + 1 + -1)*4. Let u be f(y). Give v(u).
-1
Let d(j) = -2*j - 5. Suppose -8*q + 4*q + 28 = 0. Let m(w) = -w - 3. Let i(k) = q*m(k) - 4*d(k). Let c(v) = v - 2. Let a(f) = c(f) - 2*i(f). Give a(3).
-3
Let d(l) = -4*l**3 + 2*l**2 - 2*l + 1. Let a = 26 - 25. Give d(a).
-3
Let d(h) = 2*h**2 + 0*h**2 + 5*h - 7*h**2 + 6*h**2 + 3. Give d(-3).
-3
Let f(b) = 0*b + 0*b + b + 7. Let j(t) = 3*t + 4. Let g be j(-3). Determine f(g).
2
Let c be (1 - 3) + 2/((-4)/(-10)). Let h(b) = b**3 - 2*b**2 + b - 3. Calculate h(c).
9
Let m(c) = -11*c - 3*c + 16 + 2*c - 3*c**2 + 4*c**2. Calculate m(11).
5
Let i(o) = -o**3 + 4*o**2 + 6*o + 1. Suppose 0*h + 2*h = s - 16, -4*s + h + 29 = 0. Suppose -k - 1 + s = 0. Determine i(k).
6
Let g(p) = p**2 + 6. Let w(s) be the first derivative of -s**4/4 + s**3 + 2*s**2 - 1. Let f be w(4). What is g(f)?
6
Suppose 4*t = 12 + 4. Let m(o) = o - 1. What is m(t)?
3
Let d(f) = -2*f**2 - 2*f. Let q(n) = n**2 + 2*n + 1. Let c(u) = -2*d(u) - 3*q(u). Calculate c(3).
0
Let y = 16 - 22. Let j(l) = l**2 + 6*l - 4. Let a be j(y). Let k(u) = 3*u + 2. What is k(a)?
-10
Let y(s) be the first derivative of -s**5/120 - s**4/8 + s**3/3 + 2. Let v(q) be the third derivative of y(q). Let p be (4/(-8))/(2/24). Give v(p).
3
Let u(s) = s - 1. Let h be u(3). Let l(x) = 1 + 4*x - 7*x + 9*x**h + x. Let f be ((-1)/(-1) + 0)/1. What is l(f)?
8
Let l(x) be the first derivative of -x**5/20 + x**4/4 + 2*x**2 - 8*x - 1. Let m(u) be the first derivative of l(u). Determine m(3).
4
Let x(t) = -2*t**2 + t + 1. Let g = 13 + -12. Suppose 2*o - 4 = -0*o. Let n = g - o. What is x(n)?
-2
Let g(f) = f**3 + f**2 + 4*f - 5. Let o(u) = -6*u**3 - 5*u**2 - 20*u + 26. Let d(z) = -11*g(z) - 2*o(z). Let q be d(2). Let n(x) = -3*x**2 + x. What is n(q)?
-4
Let g(a) = 6*a**2 + a + 1. Let n(v) = v + 5. Let p be n(-4). Suppose -5*o = -4*o + p. What is g(o)?
6
Let z = 3 + -1. Let c(g) = -7*g + 6*g + z + 0. Give c(-2).
4
Suppose -19 = -2*c - c - 5*i, -2*c + 8 = i. Let o(r) = 9*r - 5. Let g(a) = -14*a + 8. Let w(x) = 5*g(x) + 8*o(x). Determine w(c).
6
Let h(z) be the first derivative of z**4/8 - 3*z**3/2 + 3*z**2 + 9. Let m(k) be the second derivative of h(k). What is m(6)?
9
Let u(j) = 2*j**2 + 2*j - 1. Suppose -3*v + 5*b + 19 = 0, 1 = -3*v - 4*b - 25. What is u(v)?
3
Suppose 0 = 5*y + j - 3 - 5, 5*j = -5*y. Let z(b) = b**3 + b**y + 3 - 95*b + 98*b + 2*b**2. Determine z(-2).
1
Let g(x) = x**2 + 2*x - 2. Suppose 3*y + 6 = 6*y. Let w be -2 + (1 - (y + -5)). Suppose -s + 6 = 2*s - 3*d, 7 = s - w*d. What is g(s)?
1
Let l be 3/((-7)/(-2) + -2). Let p(d) = -3 + 1 + 0*d**2 - d + d**l + 6. What is p(0)?
4
Let y(n) = -n**3 - 4*n**2 - n - 2. Let v be y(-4). Let z(j) = -2*j**v - 5 - j**3 - 4*j + 5*j + 3*j**2. Calculate z(0).
-5
Let r(o) be the second derivative of o**5/20 - o**4/3 + o**3/2 - 3*o**2/2 - 22*o. Calculate r(4).
9
Let c be 1 + 1 + (0 - -1). Let s(x) = -2*x - c*x - 8 + 2*x + 2*x. Give s(-6).
-2
Let a = 17 + -12. Let n(x) = -3*x + 6*x + 8 - 3*x - x. What is n(a)?
3
Suppose 5 = 2*z + 1. Suppose -3*u - 3 = -z*p + 17, -3*p = -u - 16. Let n be p*(-2 - (-3)/2). Let r(a) = -a**3 - 2*a**2 - 2*a - 3. Give r(n).
1
Let x = 4 - 3. Let h = 7 - x. Let w be 3/(h/(-8) - 0). Let q(c) = 2*c + 3. What is q(w)?
-5
Let l(b) = 2*b + 6. Let u be l(-6). Let i(m) = -m - 11. Give i(u).
-5
Suppose s = 23 - 32. Let y(g) = g**3 + 10*g**2 + 10*g + 6. What is y(s)?
-3
Let o(j) = -j**2 - 4*j + 3. Let u be 2*(-9)/6*-1. Suppose -12 = -h - i, -u*h + h = -3*i - 19. Suppose m - 3 = 2*m - t, -3*m = t - h. Determine o(m).
-9
Suppose 8*b + 3 = 5*b. Let l(q) = 12*q**3 + q**2 - 3*q - 5. Let d(h) = -h**3 + h + 1. Let u(v) = b*l(v) - 4*d(v). Determine u(1).
-9
Let d(k) = -k**2 - 7*k + 2. Let u(x) = -3*x + 17. Let h be u(8). Determine d(h).
2
Let j(s) be the first derivative of -11*s**3/3 - s**2/2 + 6*s + 4. Let x(r) = 5*r**2 - 3. Let g(u) = -6*j(u) - 13*x(u). Calculate g(-4).
-5
Let v(b) be the second derivative of -b**4/12 + 7*b**3/6 - 7*b**2/2 - 15*b. What is v(6)?
-1
Let v(t) be the second derivative of t**3/6 - 4*t. Let r be v(-4). Let p(i) = -i + 1. Determine p(r).
5
Let v = 2 - 1. Let i(s) = -2*s + 3 - 5*s - 4. Give i(v).
-8
Suppose -2*l + 0*l = 0. Suppose 4*g + 2*k = -0*k + 24, 4*k - 16 = l. Let n(b) = -2*b + 5. Give n(g).
-3
Suppose v = -5*l + 4, -3*l + 2*l - v = 0. Let q(x) = -4*x**2 + x - 1. Determine q(l).
-4
Let o be 4/(-14) - (-88)/14. Let g be 6/(o/2) + -1. Let a(j) = -2 + 1 - 3*j + 6*j. Give a(g).
2
Let i = -2 + 4. Let n(k) = -i + k - 3*k + k. Let u be 3 + 3 + -1 - 3. Calculate n(u).
-4
Let m(s) = 3*s + 4. Suppose r = t - 3*t + 10, 5*r - 3*t = 11. Suppose 0 = 2*n - n - 9. Suppose k = r*k + n. Give m(k).
-5
Let f(y) = -5*y**2 + 5*y - 17*y**3 + 4 + 9*y**2 + 18*y**3. Give f(-3).
-2
Let p(f) = -2*f + 5. Let h be 1 - (-2 + 2) - 1. Suppose h = -5*d - 3*u + 21, -d + 5 = -u + 2*u. Suppose d*x - 28 = -4*l + 10, 4*x + l - 29 = 0. Calculate p(x).
-7
Let g(x) = x. Let j be -2 + (-4)/(-20)*5. Let l(z) be the third derivative of z**4/24 + z**3/6 - z**2. Let q be l(j). What is g(q)?
0
Let q(x) = x**3 + 6*x**2 + 3*x + 1. Suppose 4*p + 8 = 4*z, 4*z + 10 + 17 = -3*p. Determine q(p).
11
Let v(f) = f**3 - 5*f**2 - 7*f + 8. Let i be v(6). Let t = -10 + 12. Let n(m) = 7 - 2 + 0*m**i + 4*m - m**t. Calculate n(4).
5
Let w(f) be the first derivative of -f**5/60 + f**4/4 - f**3/2 + f**2 - 1. Let m(g) be the second derivative of w(g). Give m(5).
2
Let b(a) be the second derivative of -1/6*a**3 + 4*a**2 + 3*a - 1/12*a**4 + 0 + 1/20*a**5. Give b(0).
8
Let t be (2 + (-13)/3)*3. Let n = -4 - t. Suppose 5*a + n = -2. Let s(w) = -w**3 + w**2 - 1. What is s(a)?
1
Let w(i) be the first derivative of 7*i - 4 + 1/2*i**2 - 1/3*i**3. What is w(0)?
7
Let c(q) = -3*q**2 + 6*q - 3. Let s(a) = -5*a**2 + 11*a - 7. Let w(j) = -7*c(j) + 4*s(j). Suppose -4 = -2*i + 16. Suppose -i = -n + 3*n. Calculate w(n).
8
Let d = 0 + -3. Let k(g) = g**3 + 4*g**2 + 4*g + 2. Let q be k(d). Let z(f) = -f + 1. Let n(u) = -3*u + 1. Let j(v) = n(v) - z(v). Calculate j(q).
2
Let x(b) = -2*b - 4*b - 5*b**2 + b + 6. Let n(s) = 14*s**2 + 14*s - 17. Let h(p) = -4*n(p) - 11*x(p). Determine h(-3).
-4
Let g(h) be the third derivative of 9*h**2 + 0*h - 1/6*h**4 + 0 + 1/30*h**5 + 1/2*h**3 - 1/120*h**6. Calculate g(2).
-5
Let s = -784 - -778. Let r(x) be the first derivative of -x**3/3 - 2*x**2 + 8*x + 1. Calculate r(s).
-4
Let p = 5 + -2. Let f = -3 + p. Let u(g) = -g**3 + g**2 - g - 2. Determine u(f).
-2
Let m(g) be the second derivative of -g**5/20 - 5*g**4/6 + g**3/6 + 3*g**2 - 4*g. Give m(-10).
-4
Suppose 10*s + 80 = 26*s. Let v(d) = -d + 5*d**2 - 5*d**3 - 3 + 0*d + 4*d**3. Determine v(s).
-8
Let h be 45/(-36)*(-2)/20. Let m(d) be the third derivative of -1/3*d**3 + h*d**4 - 1/120*d**6 - 1/20*d**5 + 0*d - 3*d**2 + 0. Determine m(-4).
2
Let x(d) be the second derivati